test common divisor of 5819 and 99?
11
Calculate the highest common divisor of 660 and 1056220.
220
What is the greatest common factor of 637 and 119609?
49
What is the greatest common divisor of 2211 and 1026641?
737
What is the greatest common factor of 23620 and 720?
20
What is the greatest common divisor of 118 and 42598?
118
Calculate the highest common factor of 26 and 62088.
26
Calculate the greatest common factor of 35508 and 7263.
807
What is the highest common factor of 3471 and 247?
13
Calculate the highest common factor of 6976 and 22018.
218
What is the highest common divisor of 98 and 21806078?
98
What is the greatest common factor of 5446 and 658?
14
Calculate the highest common factor of 126557 and 22416.
467
Calculate the greatest common divisor of 14847 and 1617.
147
Calculate the greatest common divisor of 7092936 and 29.
29
What is the highest common divisor of 608 and 307040?
608
What is the highest common divisor of 132272 and 142901?
1181
What is the greatest common divisor of 99461 and 316?
79
Calculate the highest common divisor of 30 and 151.
1
What is the highest common factor of 2175 and 1885?
145
Calculate the greatest common divisor of 86280 and 40.
40
Calculate the greatest common divisor of 84123 and 9.
9
Calculate the highest common divisor of 43898 and 8178.
94
What is the greatest common factor of 2201598 and 6?
6
Calculate the greatest common divisor of 5532 and 348.
12
What is the highest common factor of 166 and 1965274?
166
Calculate the greatest common divisor of 53525 and 50.
25
What is the greatest common factor of 688 and 40528?
16
Calculate the greatest common divisor of 1276 and 159181.
319
Calculate the highest common factor of 7579 and 181207.
689
What is the greatest common divisor of 5704 and 2484?
92
Calculate the highest common divisor of 275397 and 533.
41
What is the greatest common factor of 307773 and 189?
27
Calculate the highest common divisor of 804 and 564.
12
Calculate the greatest common divisor of 498 and 357564.
498
Calculate the greatest common divisor of 130 and 110890.
130
What is the highest common divisor of 117 and 19669?
13
What is the highest common factor of 154980 and 164?
164
What is the highest common divisor of 313 and 157439?
313
Calculate the highest common divisor of 581152 and 88.
88
What is the greatest common factor of 2106 and 975?
39
Calculate the greatest common divisor of 215352 and 60.
12
What is the highest common divisor of 12961880 and 1679?
1679
Calculate the highest common divisor of 10 and 5041070.
10
Calculate the greatest common factor of 7140 and 95970.
210
Calculate the greatest common factor of 1197 and 4503.
57
What is the highest common divisor of 356 and 758102?
178
Calculate the highest common divisor of 150 and 3294.
6
Calculate the highest common divisor of 320450 and 34.
34
Calculate the greatest common factor of 1175 and 154677.
47
Calculate the greatest common factor of 478 and 8831528.
478
Calculate the greatest common factor of 394610 and 10.
10
What is the greatest common divisor of 848 and 64?
16
What is the greatest common divisor of 1132 and 257813?
283
What is the greatest common factor of 296913 and 2?
1
Calculate the greatest common divisor of 76247 and 19.
19
Calculate the highest common divisor of 74705 and 4355.
335
Calculate the greatest common divisor of 6 and 3404451.
3
What is the greatest common divisor of 23680 and 17920?
640
Calculate the highest common divisor of 8675 and 13550.
25
Calculate the highest common divisor of 160 and 187448.
8
Calculate the highest common divisor of 65 and 810.
5
Calculate the greatest common factor of 30 and 6590.
10
What is the greatest common divisor of 585 and 573183?
117
What is the highest common divisor of 2219 and 119509?
317
What is the greatest common factor of 62436 and 48?
12
Calculate the highest common factor of 1786 and 132117.
47
Calculate the highest common divisor of 52292 and 6052.
68
Calculate the greatest common factor of 1564 and 9452.
68
Calculate the greatest common factor of 3915 and 11223.
261
What is the greatest common factor of 4511 and 26975?
13
Calculate the highest common factor of 1458 and 157302.
162
Calculate the highest common divisor of 5947071 and 2418.
1209
What is the highest common factor of 16907872 and 608?
608
What is the highest common divisor of 50 and 33480?
10
Calculate the highest common divisor of 22 and 132088.
22
Calculate the greatest common divisor of 235875 and 16983.
1887
What is the highest common divisor of 686894 and 2262?
754
Calculate the greatest common factor of 195 and 240.
15
What is the greatest common divisor of 13 and 235?
1
What is the highest common divisor of 1884144 and 8160?
816
Calculate the greatest common factor of 11025 and 196.
49
What is the greatest common divisor of 5956 and 644?
4
What is the highest common divisor of 59007 and 178?
89
Calculate the highest common factor of 4505 and 14739.
17
What is the greatest common factor of 20 and 38470?
10
Calculate the greatest common factor of 917 and 11235.
7
Calculate the greatest common divisor of 170775 and 92.
23
Calculate the highest common factor of 3689 and 5593.
119
What is the greatest common factor of 745591 and 5473?
421
Calculate the highest common factor of 8 and 86596.
4
What is the highest common factor of 1818 and 9873?
9
Calculate the greatest common factor of 37009 and 119.
119
What is the greatest common factor of 392 and 614558?
98
What is the greatest common factor of 14676 and 624953?
1223
What is the greatest common divisor of 292950 and 93?
93
What is the highest common factor of 207554 and 23796?
1322
Calculate the highest common divisor of 15532829 and 31.
31
Calculate the highest common divisor of 125 and 1396300.
25
What is the greatest common factor of 6727 and 7?
7
What is the highest common factor of 1699 and 2903591?
1699
Calculate the highest common factor of 270 and 1290.
30
Calculate the highest common divisor of 52640 and 705.
235
Calculate the greatest common factor of 2967 and 3243.
69
Calculate the greatest common factor of 1176 and 3072.
24
Calculate the greatest common factor of 21 and 21783.
3
What is the greatest common divisor of 3 and 63654?
3
Calculate the greatest common factor of 7 and 7222880.
7
Calculate the greatest common factor of 228 and 577572.
12
What is the greatest common factor of 167466 and 39?
39
What is the greatest common divisor of 2392 and 72588?
92
What is the greatest common factor of 19 and 9675?
1
Calculate the greatest common factor of 167205 and 69865.
785
Calculate the highest common factor of 210635 and 17996.
409
What is the greatest common factor of 154 and 177254?
154
What is the greatest common divisor of 12160 and 475?
95
What is the highest common factor of 14535 and 28305?
765
Calculate the highest common divisor of 381 and 72898.
127
What is the highest common divisor of 124544 and 154?
14
What is the greatest common divisor of 4742465 and 65?
65
Calculate the highest common divisor of 19 and 930829.
19
Calculate the highest common factor of 74988 and 36.
36
What is the greatest common factor of 1056 and 18766?
22
Calculate the greatest common divisor of 6179 and 4509.
167
What is the greatest common factor of 1592 and 1044?
4
Calculate the highest common divisor of 1155 and 141405.
165
Calculate the greatest common divisor of 262566 and 2146.
58
Calculate the highest common divisor of 11730 and 35.
5
Calculate the greatest common factor of 4251 and 845.
13
Calculate the greatest common divisor of 56544 and 238944.
1824
What is the greatest common divisor of 2933 and 1743?
7
Calculate the greatest common factor of 65646 and 3.
3
What is the greatest common factor of 342 and 29279?
19
Calculate the greatest common factor of 250 and 800.
50
Calculate the greatest common factor of 84 and 96474.
42
Calculate the greatest common divisor of 32028 and 884.
68
What is the greatest common factor of 53404 and 10140?
676
What is the greatest common divisor of 322 and 5014?
46
What is the greatest common factor of 1140546 and 44?
22
Calculate the highest common divisor of 566518 and 1298.
118
What is the greatest common factor of 469 and 25508?
7
Calculate the highest common divisor of 3938070 